{"id":214,"date":"2025-11-18T14:34:24","date_gmt":"2025-11-18T14:34:24","guid":{"rendered":"https:\/\/klwrzos.pl\/index.php\/kontakt\/"},"modified":"2025-11-18T14:34:28","modified_gmt":"2025-11-18T14:34:28","slug":"kontakt","status":"publish","type":"page","link":"https:\/\/klwrzos.pl\/index.php\/kontakt\/","title":{"rendered":"Kontakt"},"content":{"rendered":"<div class=\"\" style=\"\" >\n   \n    <section class=\"u-clearfix u-image u-shading u-section-1\" id=\"sec-5930\" data-image-width=\"3632\" data-image-height=\"2435\" style=\"background-image: linear-gradient(0deg, rgba(0, 0, 0, 0.45), rgba(0, 0, 0, 0.45)), url(&quot;https:\/\/klwrzos.pl\/wp-content\/uploads\/2025\/11\/6.jpg&quot;);\">\n      <div class=\"u-clearfix u-sheet u-valign-bottom-xl u-valign-middle-lg u-valign-middle-md u-valign-middle-sm u-sheet-1\">\n        <div class=\"data-layout-selected u-clearfix u-expanded-width u-gutter-0 u-layout-wrap u-layout-wrap-1\">\n          <div class=\"u-layout\">\n            <div class=\"u-layout-row\">\n              <div class=\"u-container-style u-layout-cell u-left-cell u-size-31 u-layout-cell-1\" data-animation-name=\"customAnimationIn\" data-animation-duration=\"1750\" data-animation-delay=\"250\">\n                <div class=\"u-container-layout u-valign-bottom-md u-valign-bottom-sm u-valign-bottom-xs u-container-layout-1\">\n                  <p class=\"u-align-center u-text u-text-body-alt-color u-text-1\"><span style=\"font-size: 2.25rem;\">KO\u0141O \u0141OWIECKIE&nbsp;&nbsp;<\/span><span style=\"font-size: 2.25rem;\">\n                      <br><\/span><span style=\"font-size: 2.25rem;\"><span class=\"u-text-custom-color-2\">WRZOS<\/span>\n                      <br><\/span><span style=\"font-size: 1.5rem;\">Lidzbark Warmi\u0144ski<br><\/span>\n                  <\/p>\n                  <p class=\"u-align-center u-text u-text-body-alt-color u-text-2\"><b>Dane do korespondencji:<\/b>\n                    <br><b>Wichrowo 4\/1<br>11-040&nbsp;<\/b><b>Dobre Miasto<\/b>\n                    <br><span class=\"u-text-custom-color-2\"><b>e-mail: wrzoslidzbarkwarm@wp.pl<\/b><\/span>\n                  <\/p>\n                  <p class=\"u-align-center u-text u-text-3\">Dane do kontaktu:<\/p>\n                  <p class=\"u-align-center u-text u-text-4\"><span class=\"u-text-custom-color-2\">Jacek Horbal<\/span>\n                    <br>&nbsp;tel. 783 - 902 - 832 - Przyj\u0119cie do ko\u0142a&nbsp;&nbsp;<br><span class=\"u-text-custom-color-2\">Grzegorz Kimbar<\/span>\n                    <br>tel. 531 - 505 - 181 - Szkody \u0142owieckie&nbsp;&nbsp;<br><span class=\"u-text-custom-color-2\">W\u0142odzimierz Ko\u015bci\u0144ski<\/span>\n                    <br>&nbsp;tel. 601 - 504 - 648 - Pozosta\u0142e\n                  <\/p>\n                  <a href=\"mailto:wrzoslidzbarkwarm@wp.pl\" class=\"u-active-palette-2-base u-align-center u-border-2 u-border-active-palette-2-base u-border-hover-palette-2-base u-border-white u-btn u-btn-round u-button-style u-hover-palette-2-base u-palette-2-base u-radius-50 u-text-active-black u-text-body-alt-color u-text-hover-white u-btn-1\">Skontaktuj si\u0119 z nami<\/a>\n                  <p class=\"u-align-left u-text u-text-grey-90 u-text-5\"> Autor zdj\u0119\u0107&nbsp;<br>Karolina Koniuszewska\n                  <\/p>\n                <\/div>\n              <\/div>\n              <div class=\"u-container-style u-layout-cell u-right-cell u-size-29 u-layout-cell-2\" data-animation-name=\"customAnimationIn\" data-animation-duration=\"1500\">\n                <div class=\"u-container-layout u-container-layout-2\">\n                  <h2 class=\"u-align-center u-text u-text-6\">Skontaktuj si\u0119<br>&nbsp;z nami&nbsp;\n                  <\/h2>\n                  <div class=\"u-border-2 u-border-palette-2-base u-form u-form-1\">\n                    <form action=\"https:\/\/service.nicepagesrv.com\/form\/v4\/form-process\" class=\"u-clearfix u-form-spacing-20 u-form-vertical u-inner-form\" style=\"padding: 10px\" source=\"email\" name=\"form\">\n                      <div class=\"u-form-group u-form-name\">\n                        <label for=\"name-319a\" class=\"u-label u-text-body-alt-color u-label-1\">Dane<\/label>\n                        <input type=\"text\" placeholder=\"Imi\u0119 i nazwisko \" id=\"name-319a\" name=\"Imi\u0119 i nazwisko \" class=\"u-grey-15 u-input u-input-rectangle\" required=\"\">\n                      <\/div>\n                      <div class=\"u-form-email u-form-group\">\n                        <label for=\"email-319a\" class=\"u-label u-text-body-alt-color u-label-2\">Telefon<\/label>\n                        <input type=\"email\" placeholder=\"Numer telefonu\" id=\"email-319a\" name=\"Telefon\" class=\"u-grey-15 u-input u-input-rectangle\" required=\"\">\n                      <\/div>\n                      <div class=\"u-form-address u-form-group u-form-group-3\">\n                        <label for=\"address-452f\" class=\"u-label u-text-body-alt-color u-label-3\">E-mail <\/label>\n                        <input type=\"text\" placeholder=\"Adres e- mailmail \" id=\"address-452f\" name=\"E-mail \" class=\"u-grey-15 u-input u-input-rectangle\" required=\"\">\n                      <\/div>\n                      <div class=\"u-form-group u-form-message\">\n                        <label for=\"message-319a\" class=\"u-label u-text-body-alt-color u-label-4\">Wiadomo\u015b\u0107 <\/label>\n                        <textarea placeholder=\"Napisz wiadomo\u015b\u0107 \" rows=\"3\" cols=\"50\" id=\"message-319a\" name=\"Wiadomo\u015b\u0107 \" class=\"u-grey-15 u-input u-input-rectangle\" required=\"\"><\/textarea>\n                      <\/div>\n                      <div class=\"u-align-center u-form-group u-form-submit\">\n                        <a href=\"#\" class=\"u-active-palette-2-base u-border-none u-btn u-btn-round u-btn-submit u-button-style u-hover-palette-2-base u-palette-2-base u-radius-50 u-text-active-white u-text-hover-white u-text-white u-btn-2\">wy\u015blij<\/a>\n                        <input type=\"submit\" value=\"submit\" class=\"u-form-control-hidden\">\n                      <\/div>\n                      <div class=\"u-form-send-message u-form-send-success\">Dzi\u0119kujemy! Twoja wiadomo\u015b\u0107 zosta\u0142a wys\u0142ana!<\/div>\n                      <div class=\"u-form-send-error u-form-send-message\">Przepraszamy, wiadomo\u015b\u0107 nie mog\u0142a zosta\u0107 wys\u0142ana. Popraw b\u0142\u0119dy i spr\u00f3buj ponownie.<\/div>\n                      <input type=\"hidden\" value=\"\" name=\"recaptchaResponse\">\n                      <input type=\"hidden\" name=\"formServices\" value=\"\">\n                    <\/form>\n                  <\/div>\n                <\/div>\n              <\/div>\n            <\/div>\n          <\/div>\n        <\/div>\n      <\/div>\n    <\/section>\n    \n    \n    \n    \n  \n<\/div>","protected":false},"excerpt":{"rendered":"<p>KO\u0141O \u0141OWIECKIE&nbsp;&nbsp; WRZOS Lidzbark Warmi\u0144ski Dane do korespondencji: Wichrowo 4\/111-040&nbsp;Dobre Miasto e-mail: wrzoslidzbarkwarm@wp.pl Dane do kontaktu: Jacek Horbal &nbsp;tel. 783 &#8211; 902 &#8211; 832 &#8211; Przyj\u0119cie do ko\u0142a&nbsp;&nbsp;Grzegorz Kimbar tel. 531 &#8211; 505 &#8211; 181 &#8211; Szkody \u0142owieckie&nbsp;&nbsp;W\u0142odzimierz Ko\u015bci\u0144ski &nbsp;tel. 601 &#8211; 504 &#8211; 648 &#8211; Pozosta\u0142e Skontaktuj si\u0119 z nami Autor zdj\u0119\u0107&nbsp;Karolina Koniuszewska Skontaktuj [&hellip;]<\/p>\n","protected":false},"author":1,"featured_media":0,"parent":0,"menu_order":4,"comment_status":"closed","ping_status":"closed","template":"","meta":{"footnotes":""},"class_list":["post-214","page","type-page","status-publish","hentry"],"_links":{"self":[{"href":"https:\/\/klwrzos.pl\/index.php\/wp-json\/wp\/v2\/pages\/214","targetHints":{"allow":["GET"]}}],"collection":[{"href":"https:\/\/klwrzos.pl\/index.php\/wp-json\/wp\/v2\/pages"}],"about":[{"href":"https:\/\/klwrzos.pl\/index.php\/wp-json\/wp\/v2\/types\/page"}],"author":[{"embeddable":true,"href":"https:\/\/klwrzos.pl\/index.php\/wp-json\/wp\/v2\/users\/1"}],"replies":[{"embeddable":true,"href":"https:\/\/klwrzos.pl\/index.php\/wp-json\/wp\/v2\/comments?post=214"}],"version-history":[{"count":1,"href":"https:\/\/klwrzos.pl\/index.php\/wp-json\/wp\/v2\/pages\/214\/revisions"}],"predecessor-version":[{"id":225,"href":"https:\/\/klwrzos.pl\/index.php\/wp-json\/wp\/v2\/pages\/214\/revisions\/225"}],"wp:attachment":[{"href":"https:\/\/klwrzos.pl\/index.php\/wp-json\/wp\/v2\/media?parent=214"}],"curies":[{"name":"wp","href":"https:\/\/api.w.org\/{rel}","templated":true}]}}